107
Calculate the highest common factor of 51 and 391.
17
Calculate the highest common factor of 109 and 4469.
109
What is the highest common divisor of 70 and 1162?
14
What is the greatest common factor of 68832 and 576?
288
Calculate the greatest common factor of 22 and 649.
11
What is the greatest common divisor of 2176 and 768?
128
Calculate the highest common factor of 75 and 5975.
25
What is the greatest common divisor of 100 and 625?
25
Calculate the greatest common divisor of 69048 and 24.
24
Calculate the greatest common divisor of 54 and 2742.
6
Calculate the highest common factor of 816 and 96.
48
What is the highest common factor of 2128 and 140?
28
Calculate the greatest common divisor of 2139 and 744.
93
What is the greatest common factor of 185 and 20?
5
Calculate the greatest common divisor of 5 and 2.
1
Calculate the greatest common factor of 318 and 2.
2
Calculate the greatest common factor of 2030 and 70.
70
What is the highest common divisor of 34 and 119?
17
What is the highest common factor of 424 and 32?
8
What is the greatest common factor of 118 and 6962?
118
Calculate the highest common divisor of 31408 and 208.
208
Calculate the greatest common divisor of 16 and 152.
8
What is the greatest common factor of 8 and 136?
8
Calculate the highest common divisor of 1541 and 23.
23
What is the greatest common factor of 828 and 27?
9
Calculate the highest common divisor of 960 and 15.
15
What is the highest common factor of 945 and 4305?
105
What is the highest common factor of 238 and 224?
14
What is the highest common factor of 69 and 3933?
69
What is the greatest common factor of 20040 and 120?
120
What is the highest common divisor of 4 and 116?
4
What is the highest common divisor of 1140 and 266?
38
Calculate the highest common factor of 10751 and 39.
13
Calculate the highest common divisor of 40 and 3880.
40
What is the greatest common factor of 57 and 3838?
19
Calculate the greatest common factor of 350 and 210.
70
What is the highest common factor of 10 and 2?
2
Calculate the greatest common divisor of 1862 and 42.
14
Calculate the highest common factor of 748 and 48994.
374
What is the greatest common divisor of 95 and 874?
19
What is the greatest common divisor of 9 and 9?
9
What is the greatest common divisor of 400 and 64?
16
Calculate the greatest common divisor of 663 and 32929.
221
What is the highest common factor of 14405 and 1005?
335
What is the highest common factor of 7854 and 63?
21
What is the greatest common factor of 204 and 48?
12
Calculate the highest common factor of 125 and 200.
25
Calculate the highest common factor of 253 and 1617.
11
Calculate the greatest common divisor of 1890 and 162.
54
What is the highest common factor of 576 and 9?
9
Calculate the greatest common factor of 700 and 154.
14
What is the highest common factor of 350 and 14?
14
Calculate the greatest common factor of 10 and 718.
2
What is the greatest common factor of 56994 and 118?
118
What is the highest common factor of 160 and 96?
32
Calculate the highest common divisor of 500 and 400.
100
Calculate the greatest common factor of 583 and 53.
53
What is the greatest common divisor of 583 and 44?
11
Calculate the greatest common divisor of 143 and 121.
11
What is the greatest common factor of 51 and 18479?
17
What is the greatest common divisor of 324 and 132?
12
What is the highest common factor of 88 and 22?
22
Calculate the highest common factor of 1472 and 384.
64
What is the highest common factor of 126 and 18?
18
What is the greatest common divisor of 611 and 846?
47
What is the highest common divisor of 112 and 294?
14
What is the greatest common divisor of 3888 and 96?
48
Calculate the greatest common factor of 102 and 187.
17
Calculate the highest common divisor of 26 and 20462.
26
What is the greatest common factor of 258 and 6?
6
What is the highest common factor of 122 and 61?
61
Calculate the greatest common divisor of 7 and 75.
1
What is the greatest common divisor of 1992 and 16?
8
What is the greatest common divisor of 236 and 5723?
59
Calculate the greatest common factor of 434 and 70.
14
What is the highest common factor of 9471 and 99?
33
Calculate the greatest common factor of 1917 and 355.
71
What is the greatest common factor of 396 and 484?
44
Calculate the highest common divisor of 108 and 288.
36
Calculate the greatest common factor of 24 and 30.
6
Calculate the greatest common divisor of 7 and 56.
7
What is the greatest common factor of 42 and 4438?
14
Calculate the highest common factor of 14 and 1288.
14
Calculate the greatest common factor of 7956 and 156.
156
Calculate the greatest common factor of 26 and 2626.
26
What is the greatest common divisor of 70 and 5?
5
Calculate the highest common divisor of 3125 and 50.
25
Calculate the highest common divisor of 113 and 1243.
113
What is the greatest common factor of 196 and 56?
28
What is the highest common divisor of 3318 and 1974?
42
Calculate the highest common divisor of 35 and 21.
7
What is the greatest common factor of 80 and 60?
20
What is the highest common factor of 9 and 828?
9
What is the greatest common divisor of 1694 and 1078?
154
What is the greatest common divisor of 2688 and 238?
14
What is the greatest common factor of 24 and 24?
24
Calculate the greatest common divisor of 21 and 138.
3
Calculate the greatest common divisor of 30 and 10.
10
What is the highest common factor of 30 and 110?
10
What is the greatest common divisor of 22 and 407?
11
Calculate the greatest common factor of 8 and 29.
1
What is the greatest common factor of 18 and 33?
3
What is the highest common factor of 6 and 321?
3
What is the highest common divisor of 82 and 18614?
82
What is the greatest common factor of 7917 and 174?
87
What is the highest common factor of 2 and 103?
1
Calculate the highest common divisor of 1440 and 1710.
90
Calculate the highest common factor of 1612 and 2573.
31
What is the greatest common divisor of 363 and 2871?
33
What is the highest common divisor of 299 and 13?
13
Calculate the greatest common divisor of 38 and 7486.
38
Calculate the greatest common divisor of 12 and 108.
12
What is the highest common divisor of 13 and 78?
13
What is the highest common divisor of 27 and 8973?
9
Calculate the highest common factor of 18 and 99.
9
Calculate the highest common divisor of 9220 and 80.
20
Calculate the highest common factor of 7 and 385.
7
What is the highest common factor of 6 and 488?
2
What is the highest common factor of 804 and 48?
12
What is the greatest common divisor of 48 and 240?
48
What is the greatest common divisor of 23 and 1357?
23
What is the greatest common factor of 216 and 756?
108
What is the highest common divisor of 10 and 270?
10
What is the greatest common divisor of 739 and 2?
1
Calculate the greatest common divisor of 32 and 2152.
8
What is the greatest common divisor of 2171 and 167?
167
What is the greatest common factor of 40 and 16?
8
What is the highest common factor of 14 and 24143?
7
What is the greatest common divisor of 6468 and 132?
132
Calculate the highest common factor of 260 and 78.
26
Calculate the greatest common factor of 129 and 48.
3
What is the greatest common divisor of 10 and 10330?
10
Calculate the highest common divisor of 1407 and 21.
21
Calculate the greatest common divisor of 12 and 450.
6
What is the greatest common factor of 6072 and 48?
24
What is the highest common factor of 9338 and 116?
58
Calculate the greatest common factor of 6354 and 18.
18
What is the greatest common divisor of 68 and 3978?
34
What is the highest common divisor of 30 and 10440?
30
Calculate the highest common divisor of 30 and 60.
30
What is the greatest common divisor of 893 and 19?
19
What is the greatest common divisor of 306 and 68?
34
What is the highest common factor of 26 and 5174?
26
Calculate the highest common divisor of 11 and 121.
11
Calculate the greatest common divisor of 22 and 5027.
11
What is the highest common divisor of 4806 and 1958?
178
What is the greatest common factor of 175 and 25?
25
What is the greatest common divisor of 66 and 286?
22
Calculate the highest common divisor of 7921 and 178.
89
Calculate the greatest common divisor of 200 and 650.
50
Calculate the greate